when 16019175 is divided by 202774.
29
Calculate the remainder when 591204 is divided by 2852.
840
Calculate the remainder when 3141754 is divided by 1284.
1090
What is the remainder when 328369 is divided by 775?
544
What is the remainder when 3521037 is divided by 9600?
7437
What is the remainder when 27247970 is divided by 111672?
2
What is the remainder when 11123963 is divided by 165?
158
What is the remainder when 8318509 is divided by 629?
613
What is the remainder when 31225229 is divided by 16?
13
Calculate the remainder when 1984851 is divided by 3206.
337
What is the remainder when 6503694 is divided by 858?
54
What is the remainder when 15621623 is divided by 223?
27
What is the remainder when 1649322 is divided by 1352?
1234
What is the remainder when 25231014 is divided by 1327948?
2
What is the remainder when 702281 is divided by 3040?
41
Calculate the remainder when 612970 is divided by 49.
29
Calculate the remainder when 30206 is divided by 15058.
90
Calculate the remainder when 18952074 is divided by 11.
9
Calculate the remainder when 98712 is divided by 13782.
2238
What is the remainder when 229895 is divided by 45947?
160
What is the remainder when 152468 is divided by 441?
323
What is the remainder when 209085 is divided by 2800?
1885
Calculate the remainder when 71082 is divided by 250.
82
Calculate the remainder when 8074383 is divided by 1168.
1167
What is the remainder when 198182 is divided by 1060?
1022
Calculate the remainder when 50736988 is divided by 6342120.
28
Calculate the remainder when 34475 is divided by 30042.
4433
Calculate the remainder when 1037688 is divided by 2501.
2274
What is the remainder when 81871 is divided by 290?
91
Calculate the remainder when 58030 is divided by 28438.
1154
Calculate the remainder when 39772 is divided by 18569.
2634
What is the remainder when 131225 is divided by 131126?
99
Calculate the remainder when 2202979 is divided by 2202947.
32
Calculate the remainder when 4783816 is divided by 244.
196
Calculate the remainder when 129363618 is divided by 26.
20
What is the remainder when 198202 is divided by 48812?
2954
What is the remainder when 3093843 is divided by 5783?
5721
What is the remainder when 84301497 is divided by 7754?
9
Calculate the remainder when 479695 is divided by 16269.
7894
Calculate the remainder when 586814 is divided by 1721.
1674
Calculate the remainder when 536185 is divided by 1292.
5
Calculate the remainder when 13656641 is divided by 27.
14
Calculate the remainder when 2083714 is divided by 115760.
34
Calculate the remainder when 375181 is divided by 5955.
16
What is the remainder when 1332667 is divided by 420?
7
What is the remainder when 625522 is divided by 16901?
185
Calculate the remainder when 2101918 is divided by 116773.
4
Calculate the remainder when 5079272 is divided by 1384.
1376
What is the remainder when 7118860 is divided by 7118824?
36
What is the remainder when 676576 is divided by 83?
43
What is the remainder when 323097 is divided by 144?
105
What is the remainder when 4974717 is divided by 507?
33
Calculate the remainder when 67260 is divided by 974.
54
Calculate the remainder when 5995865 is divided by 593.
42
What is the remainder when 2508177 is divided by 60?
57
What is the remainder when 43014 is divided by 350?
314
Calculate the remainder when 299655999 is divided by 81.
63
Calculate the remainder when 664361 is divided by 20106.
863
What is the remainder when 1354319 is divided by 61?
58
What is the remainder when 37604903 is divided by 24?
23
Calculate the remainder when 707069 is divided by 1393.
818
Calculate the remainder when 20845430 is divided by 571.
504
Calculate the remainder when 24073 is divided by 2011.
1952
What is the remainder when 93997926 is divided by 3693?
3690
Calculate the remainder when 58203 is divided by 3964.
2707
Calculate the remainder when 116050157 is divided by 6.
5
What is the remainder when 6666 is divided by 2167?
165
Calculate the remainder when 721618 is divided by 21867.
7
Calculate the remainder when 134728 is divided by 8.
0
Calculate the remainder when 47905 is divided by 1828.
377
Calculate the remainder when 10724848 is divided by 2136.
2128
What is the remainder when 24900641 is divided by 957715?
51
What is the remainder when 38581 is divided by 3496?
125
Calculate the remainder when 1500212062 is divided by 636.
634
Calculate the remainder when 74637 is divided by 1553.
93
What is the remainder when 782556 is divided by 1687?
1475
Calculate the remainder when 4689668 is divided by 1539.
335
What is the remainder when 175316 is divided by 6261?
8
Calculate the remainder when 5785101 is divided by 48.
45
What is the remainder when 240467 is divided by 1423?
1403
What is the remainder when 18208009 is divided by 84?
1
What is the remainder when 687417 is divided by 137481?
12
What is the remainder when 32675424 is divided by 62?
60
What is the remainder when 10241173 is divided by 931012?
41
What is the remainder when 335448 is divided by 111420?
1188
What is the remainder when 30383812 is divided by 4300?
12
Calculate the remainder when 30937183 is divided by 345.
343
What is the remainder when 1615094542 is divided by 13?
9
What is the remainder when 12153476 is divided by 40?
36
Calculate the remainder when 953242 is divided by 68.
18
Calculate the remainder when 80289 is divided by 20048.
97
Calculate the remainder when 275241 is divided by 640.
41
Calculate the remainder when 978046 is divided by 156.
82
What is the remainder when 22770936 is divided by 237?
213
What is the remainder when 295010 is divided by 245?
30
Calculate the remainder when 8214540 is divided by 4107223.
94
What is the remainder when 571497 is divided by 272?
25
Calculate the remainder when 181467163 is divided by 9113.
9107
What is the remainder when 690261 is divided by 38266?
1473
What is the remainder when 26948915 is divided by 414?
413
Calculate the remainder when 4576 is divided by 1168.
1072
Calculate the remainder when 14156857 is divided by 699.
10
Calculate the remainder when 271427 is divided by 43567.
10025
What is the remainder when 300937 is divided by 98046?
6799
Calculate the remainder when 51129707 is divided by 21.
20
Calculate the remainder when 156224 is divided by 5853.
4046
What is the remainder when 969786 is divided by 26210?
16
Calculate the remainder when 17553311 is divided by 1369.
1362
What is the remainder when 2419256 is divided by 147?
77
What is the remainder when 476000 is divided by 1388?
1304
What is the remainder when 37030 is divided by 436?
406
Calculate the remainder when 109135 is divided by 502.
201
What is the remainder when 577542 is divided by 1745?
1692
Calculate the remainder when 11643877 is divided by 3881287.
16
What is the remainder when 225589 is divided by 11805?
1294
Calculate the remainder when 172672 is divided by 1389.
436
Calculate the remainder when 102087 is divided by 50875.
337
What is the remainder when 666850 is divided by 2585?
2505
What is the remainder when 15370 is divided by 7176?
1018
Calculate the remainder when 243945167 is divided by 7309.
7292
What is the remainder when 1129033 is divided by 141101?
225
Calculate the remainder when 3752358 is divided by 83.
11
Calculate the remainder when 409515809 is divided by 10.
9
What is the remainder when 5704256 is divided by 1210?
316
Calculate the remainder when 23634782 is divided by 7873.
36
What is the remainder when 29576069 is divided by 26?
3
What is the remainder when 1255674 is divided by 28536?
90
What is the remainder when 328374 is divided by 6975?
549
Calculate the remainder when 63510 is divided by 1081.
812
Calculate the remainder when 82370 is divided by 1175.
120
Calculate the remainder when 33397106 is divided by 251106.
8
Calculate the remainder when 548466314 is divided by 149.
145
What is the remainder when 1690772 is divided by 6845?
57
What is the remainder when 3911487 is divided by 1006?
159
Calculate the remainder when 45742512 is divided by 5717814.
0
What is the remainder when 14535645 is divided by 670?
665
Calculate the remainder when 212485 is divided by 640.
5
Calculate the remainder when 4293712 is divided by 18832.
16
What is the remainder when 191838 